{"id":110414,"date":"2024-02-07T15:53:13","date_gmt":"2024-02-07T15:53:13","guid":{"rendered":"https:\/\/www.empacklogisticsautomationporto.com\/session\/los-retos-actuales-de-la-intralogistica\/"},"modified":"2024-04-04T11:33:50","modified_gmt":"2024-04-04T10:33:50","slug":"los-retos-actuales-de-la-intralogistica","status":"publish","type":"activity","link":"https:\/\/www.empacklogisticsautomationporto.com\/es\/session\/los-retos-actuales-de-la-intralogistica\/","title":{"rendered":"IA e IIoT en la cadena de suministro: hacia la eficiencia operativa"},"content":{"rendered":"\n<p>En esta mesa redonda exploraremos el impacto de las tendencias emergentes de la Inteligencia Artificial (IA) y el Internet Industrial de las Cosas (IIoT) en la gesti\u00f3n de la cadena de suministro. Debatiremos c\u00f3mo estas tecnolog\u00edas est\u00e1n revolucionando la log\u00edstica, la producci\u00f3n y la distribuci\u00f3n, impulsando la eficiencia operativa y la competitividad de las empresas. Los expertos invitados compartir\u00e1n sus puntos de vista sobre las mejores pr\u00e1cticas, los retos y las oportunidades que surgen de la implementaci\u00f3n de la IA y el IIoT en la cadena de suministro, destacando los caminos hacia el \u00e9xito de la transformaci\u00f3n digital en esta \u00e1rea crucial para el \u00e9xito empresarial. de negocio.<\/p>\n","protected":false},"excerpt":{"rendered":"<p>En esta mesa redonda exploraremos el impacto de las tendencias emergentes de la Inteligencia Artificial (IA) y el Internet Industrial de las Cosas (IIoT) en la gesti\u00f3n de la cadena de suministro. Debatiremos c\u00f3mo estas tecnolog\u00edas est\u00e1n revolucionando la log\u00edstica, la producci\u00f3n y la distribuci\u00f3n, impulsando la eficiencia operativa y la competitividad de las empresas. [&hellip;]<\/p>\n","protected":false},"featured_media":0,"template":"","meta":{"_seopress_robots_primary_cat":"","_seopress_titles_title":"","_seopress_titles_desc":"","_seopress_robots_index":"","_activity_time_start":"17:00","_activity_time_end":"17:30","_activity_date":"2024-04-17","_activity_price":"0","footnotes":""},"edition":[1421],"location":[1450],"track":[],"activity_type":[1456],"class_list":["post-110414","activity","type-activity","status-publish","hentry","edition-congresso-2024","location-sala-empack-and-logistics-automation","activity_type-sala-empack-y-logistics-automation"],"_guests":[{"href":"https:\/\/www.empacklogisticsautomationporto.com\/es\/wp-json\/wp\/v2\/guest\/113943"},{"href":"https:\/\/www.empacklogisticsautomationporto.com\/es\/wp-json\/wp\/v2\/guest\/113776"},{"href":"https:\/\/www.empacklogisticsautomationporto.com\/es\/wp-json\/wp\/v2\/guest\/113774"}],"_sponsors":[],"_cover_image":null,"_links":{"self":[{"href":"https:\/\/www.empacklogisticsautomationporto.com\/es\/wp-json\/wp\/v2\/activity\/110414","targetHints":{"allow":["GET"]}}],"collection":[{"href":"https:\/\/www.empacklogisticsautomationporto.com\/es\/wp-json\/wp\/v2\/activity"}],"about":[{"href":"https:\/\/www.empacklogisticsautomationporto.com\/es\/wp-json\/wp\/v2\/types\/activity"}],"version-history":[{"count":3,"href":"https:\/\/www.empacklogisticsautomationporto.com\/es\/wp-json\/wp\/v2\/activity\/110414\/revisions"}],"predecessor-version":[{"id":113786,"href":"https:\/\/www.empacklogisticsautomationporto.com\/es\/wp-json\/wp\/v2\/activity\/110414\/revisions\/113786"}],"wp:attachment":[{"href":"https:\/\/www.empacklogisticsautomationporto.com\/es\/wp-json\/wp\/v2\/media?parent=110414"}],"wp:term":[{"taxonomy":"edition","embeddable":true,"href":"https:\/\/www.empacklogisticsautomationporto.com\/es\/wp-json\/wp\/v2\/edition?post=110414"},{"taxonomy":"location","embeddable":true,"href":"https:\/\/www.empacklogisticsautomationporto.com\/es\/wp-json\/wp\/v2\/location?post=110414"},{"taxonomy":"track","embeddable":true,"href":"https:\/\/www.empacklogisticsautomationporto.com\/es\/wp-json\/wp\/v2\/track?post=110414"},{"taxonomy":"activity_type","embeddable":true,"href":"https:\/\/www.empacklogisticsautomationporto.com\/es\/wp-json\/wp\/v2\/activity_type?post=110414"}],"curies":[{"name":"wp","href":"https:\/\/api.w.org\/{rel}","templated":true}]}}

<p>En esta mesa redonda exploraremos el impacto de las tendencias emergentes de la Inteligencia Artificial (IA) y el Internet Industrial de las Cosas (IIoT) en la gestión de la cadena de suministro. Debatiremos cómo estas tecnologías están revolucionando la logística, la producción y la distribución, impulsando la eficiencia operativa y la competitividad de las empresas. Los expertos invitados compartirán sus puntos de vista sobre las mejores prácticas, los retos y las oportunidades que surgen de la implementación de la IA y el IIoT en la cadena de suministro, destacando los caminos hacia el éxito de la transformación digital en esta área crucial para el éxito empresarial. de negocio.</p>

<p>En esta mesa redonda exploraremos el impacto de las tendencias emergentes de la Inteligencia Artificial (IA) y el Internet Industrial de las Cosas (IIoT) en la gestión de la cadena de suministro. Debatiremos cómo estas tecnologías están revolucionando la logística, la producción y la distribución, impulsando la eficiencia operativa y la competitividad de las empresas. [&hellip;]</p>
