{"id":110621,"date":"2024-02-02T12:31:20","date_gmt":"2024-02-02T12:31:20","guid":{"rendered":"https:\/\/www.empacklogisticsautomationporto.com\/session\/mesa-redonda-organizada-por-aplog\/"},"modified":"2024-04-09T12:34:31","modified_gmt":"2024-04-09T11:34:31","slug":"mesa-redonda-organizada-por-aplog","status":"publish","type":"activity","link":"https:\/\/www.empacklogisticsautomationporto.com\/es\/session\/mesa-redonda-organizada-por-aplog\/","title":{"rendered":"Rapidez y fiabilidad de la entrega"},"content":{"rendered":"\n<p>En la era digital, las expectativas de los consumidores en cuanto a entregas r\u00e1pidas y fiables nunca han sido tan altas. Las plataformas de comercio electr\u00f3nico y venta online est\u00e1n sometidas a una presi\u00f3n constante para optimizar sus plazos de entrega.<\/p>\n\n<p>Temas de debate:<\/p>\n\n<ul class=\"wp-block-list\">\n<li>Explore las \u00faltimas tendencias en comercio r\u00e1pido.<\/li>\n\n\n\n<li>Discutir los retos a los que se enfrentan los minoristas para garantizar entregas puntuales.<\/li>\n\n\n\n<li>Compartir estrategias para mejorar la fiabilidad y eficacia de las entregas.<\/li>\n\n\n\n<li>Evaluar el impacto de la satisfacci\u00f3n del cliente en la fidelidad a la marca y la repetici\u00f3n de compras.<\/li>\n<\/ul>\n\n<p>Mesa redonda organizada por APLOG<\/p>\n","protected":false},"excerpt":{"rendered":"<p>En la era digital, las expectativas de los consumidores en cuanto a entregas r\u00e1pidas y fiables nunca han sido tan altas. Las plataformas de comercio electr\u00f3nico y venta online est\u00e1n sometidas a una presi\u00f3n constante para optimizar sus plazos de entrega. Temas de debate: Mesa redonda organizada por APLOG<\/p>\n","protected":false},"featured_media":0,"template":"","meta":{"_seopress_robots_primary_cat":"","_seopress_titles_title":"","_seopress_titles_desc":"","_seopress_robots_index":"","_activity_time_start":"11:00","_activity_time_end":"11:45","_activity_date":"2024-04-17","_activity_price":"0","footnotes":""},"edition":[1421],"location":[1450],"track":[],"activity_type":[1456],"class_list":["post-110621","activity","type-activity","status-publish","hentry","edition-congresso-2024","location-sala-empack-and-logistics-automation","activity_type-sala-empack-y-logistics-automation"],"_guests":[{"href":"https:\/\/www.empacklogisticsautomationporto.com\/es\/wp-json\/wp\/v2\/guest\/114983"},{"href":"https:\/\/www.empacklogisticsautomationporto.com\/es\/wp-json\/wp\/v2\/guest\/113890"},{"href":"https:\/\/www.empacklogisticsautomationporto.com\/es\/wp-json\/wp\/v2\/guest\/111594"},{"href":"https:\/\/www.empacklogisticsautomationporto.com\/es\/wp-json\/wp\/v2\/guest\/111590"}],"_sponsors":[],"_cover_image":null,"_links":{"self":[{"href":"https:\/\/www.empacklogisticsautomationporto.com\/es\/wp-json\/wp\/v2\/activity\/110621","targetHints":{"allow":["GET"]}}],"collection":[{"href":"https:\/\/www.empacklogisticsautomationporto.com\/es\/wp-json\/wp\/v2\/activity"}],"about":[{"href":"https:\/\/www.empacklogisticsautomationporto.com\/es\/wp-json\/wp\/v2\/types\/activity"}],"version-history":[{"count":3,"href":"https:\/\/www.empacklogisticsautomationporto.com\/es\/wp-json\/wp\/v2\/activity\/110621\/revisions"}],"predecessor-version":[{"id":111532,"href":"https:\/\/www.empacklogisticsautomationporto.com\/es\/wp-json\/wp\/v2\/activity\/110621\/revisions\/111532"}],"wp:attachment":[{"href":"https:\/\/www.empacklogisticsautomationporto.com\/es\/wp-json\/wp\/v2\/media?parent=110621"}],"wp:term":[{"taxonomy":"edition","embeddable":true,"href":"https:\/\/www.empacklogisticsautomationporto.com\/es\/wp-json\/wp\/v2\/edition?post=110621"},{"taxonomy":"location","embeddable":true,"href":"https:\/\/www.empacklogisticsautomationporto.com\/es\/wp-json\/wp\/v2\/location?post=110621"},{"taxonomy":"track","embeddable":true,"href":"https:\/\/www.empacklogisticsautomationporto.com\/es\/wp-json\/wp\/v2\/track?post=110621"},{"taxonomy":"activity_type","embeddable":true,"href":"https:\/\/www.empacklogisticsautomationporto.com\/es\/wp-json\/wp\/v2\/activity_type?post=110621"}],"curies":[{"name":"wp","href":"https:\/\/api.w.org\/{rel}","templated":true}]}}

<p>En la era digital, las expectativas de los consumidores en cuanto a entregas rápidas y fiables nunca han sido tan altas. Las plataformas de comercio electrónico y venta online están sometidas a una presión constante para optimizar sus plazos de entrega.</p>

<p>Temas de debate:</p>

<ul class="wp-block-list">
<li>Explore las últimas tendencias en comercio rápido.</li>



<li>Discutir los retos a los que se enfrentan los minoristas para garantizar entregas puntuales.</li>



<li>Compartir estrategias para mejorar la fiabilidad y eficacia de las entregas.</li>



<li>Evaluar el impacto de la satisfacción del cliente en la fidelidad a la marca y la repetición de compras.</li>
</ul>

<p>Mesa redonda organizada por APLOG</p>

<p>En la era digital, las expectativas de los consumidores en cuanto a entregas rápidas y fiables nunca han sido tan altas. Las plataformas de comercio electrónico y venta online están sometidas a una presión constante para optimizar sus plazos de entrega. Temas de debate: Mesa redonda organizada por APLOG</p>
