{"id":109663,"date":"2024-02-07T09:13:59","date_gmt":"2024-02-07T09:13:59","guid":{"rendered":"https:\/\/www.empacklogisticsautomationporto.com\/?post_type=activity&#038;p=109663"},"modified":"2024-04-04T11:33:49","modified_gmt":"2024-04-04T10:33:49","slug":"os-desafios-da-intralogistica-nos-dias-de-hoje","status":"publish","type":"activity","link":"https:\/\/www.empacklogisticsautomationporto.com\/pt-pt\/session\/os-desafios-da-intralogistica-nos-dias-de-hoje\/","title":{"rendered":"IA e IIoT na Cadeia de Abastecimento: Rumo \u00e0 Efici\u00eancia Operacional"},"content":{"rendered":"\n<p>Nesta mesa redonda, exploraremos o impacto das tend\u00eancias emergentes de Intelig\u00eancia Artificial (IA) e Internet das Coisas Industrial (IIoT) na gest\u00e3o da cadeia de abastecimento. Discutiremos como essas tecnologias est\u00e3o revolucionando a log\u00edstica, a produ\u00e7\u00e3o e a distribui\u00e7\u00e3o, impulsionando a efici\u00eancia operacional e a competitividade das empresas. Os especialistas convidados compartilhar\u00e3o insights sobre as melhores pr\u00e1ticas, desafios e oportunidades que surgem com a implementa\u00e7\u00e3o da IA e IIoT na cadeia de abastecimento, destacando os caminhos para uma transforma\u00e7\u00e3o digital bem-sucedida nesta \u00e1rea crucial para o sucesso dos neg\u00f3cios. dos neg\u00f3cios.<\/p>\n","protected":false},"excerpt":{"rendered":"<p>Nesta mesa redonda, exploraremos o impacto das tend\u00eancias emergentes de Intelig\u00eancia Artificial (IA) e Internet das Coisas Industrial (IIoT) na gest\u00e3o da cadeia de abastecimento. Discutiremos como essas tecnologias est\u00e3o revolucionando a log\u00edstica, a produ\u00e7\u00e3o e a distribui\u00e7\u00e3o, impulsionando a efici\u00eancia operacional e a competitividade das empresas. Os especialistas convidados compartilhar\u00e3o insights sobre as melhores [&hellip;]<\/p>\n","protected":false},"featured_media":0,"template":"","meta":{"_seopress_robots_primary_cat":"","_seopress_titles_title":"","_seopress_titles_desc":"","_seopress_robots_index":"","_activity_time_start":"17:00","_activity_time_end":"17:30","_activity_date":"2024-04-17","_activity_price":"0","footnotes":""},"edition":[1421],"location":[1450],"track":[],"activity_type":[1423],"class_list":["post-109663","activity","type-activity","status-publish","hentry","edition-congresso-2024","location-sala-empack-and-logistics-automation","activity_type-sala-empack-e-logistics-automation"],"_guests":[{"href":"https:\/\/www.empacklogisticsautomationporto.com\/pt-pt\/wp-json\/wp\/v2\/guest\/113936"},{"href":"https:\/\/www.empacklogisticsautomationporto.com\/pt-pt\/wp-json\/wp\/v2\/guest\/113765"},{"href":"https:\/\/www.empacklogisticsautomationporto.com\/pt-pt\/wp-json\/wp\/v2\/guest\/113758"}],"_sponsors":[],"_cover_image":null,"_links":{"self":[{"href":"https:\/\/www.empacklogisticsautomationporto.com\/pt-pt\/wp-json\/wp\/v2\/activity\/109663","targetHints":{"allow":["GET"]}}],"collection":[{"href":"https:\/\/www.empacklogisticsautomationporto.com\/pt-pt\/wp-json\/wp\/v2\/activity"}],"about":[{"href":"https:\/\/www.empacklogisticsautomationporto.com\/pt-pt\/wp-json\/wp\/v2\/types\/activity"}],"version-history":[{"count":2,"href":"https:\/\/www.empacklogisticsautomationporto.com\/pt-pt\/wp-json\/wp\/v2\/activity\/109663\/revisions"}],"predecessor-version":[{"id":113784,"href":"https:\/\/www.empacklogisticsautomationporto.com\/pt-pt\/wp-json\/wp\/v2\/activity\/109663\/revisions\/113784"}],"wp:attachment":[{"href":"https:\/\/www.empacklogisticsautomationporto.com\/pt-pt\/wp-json\/wp\/v2\/media?parent=109663"}],"wp:term":[{"taxonomy":"edition","embeddable":true,"href":"https:\/\/www.empacklogisticsautomationporto.com\/pt-pt\/wp-json\/wp\/v2\/edition?post=109663"},{"taxonomy":"location","embeddable":true,"href":"https:\/\/www.empacklogisticsautomationporto.com\/pt-pt\/wp-json\/wp\/v2\/location?post=109663"},{"taxonomy":"track","embeddable":true,"href":"https:\/\/www.empacklogisticsautomationporto.com\/pt-pt\/wp-json\/wp\/v2\/track?post=109663"},{"taxonomy":"activity_type","embeddable":true,"href":"https:\/\/www.empacklogisticsautomationporto.com\/pt-pt\/wp-json\/wp\/v2\/activity_type?post=109663"}],"curies":[{"name":"wp","href":"https:\/\/api.w.org\/{rel}","templated":true}]}}

IA e IIoT na Cadeia de Abastecimento: Rumo à Eficiência Operacional

<p>Nesta mesa redonda, exploraremos o impacto das tendências emergentes de Inteligência Artificial (IA) e Internet das Coisas Industrial (IIoT) na gestão da cadeia de abastecimento. Discutiremos como essas tecnologias estão revolucionando a logística, a produção e a distribuição, impulsionando a eficiência operacional e a competitividade das empresas. Os especialistas convidados compartilharão insights sobre as melhores práticas, desafios e oportunidades que surgem com a implementação da IA e IIoT na cadeia de abastecimento, destacando os caminhos para uma transformação digital bem-sucedida nesta área crucial para o sucesso dos negócios. dos negócios.</p>

<p>Nesta mesa redonda, exploraremos o impacto das tendências emergentes de Inteligência Artificial (IA) e Internet das Coisas Industrial (IIoT) na gestão da cadeia de abastecimento. Discutiremos como essas tecnologias estão revolucionando a logística, a produção e a distribuição, impulsionando a eficiência operacional e a competitividade das empresas. Os especialistas convidados compartilharão insights sobre as melhores [&hellip;]</p>
