{"id":114081,"date":"2024-04-08T09:04:25","date_gmt":"2024-04-08T08:04:25","guid":{"rendered":"https:\/\/www.empacklogisticsautomationporto.com\/?post_type=guest&#038;p=114081"},"modified":"2024-04-08T09:04:29","modified_gmt":"2024-04-08T08:04:29","slug":"paulo-alexandre-silva-ctt","status":"publish","type":"guest","link":"https:\/\/www.empacklogisticsautomationporto.com\/pt-pt\/speaker\/paulo-alexandre-silva-ctt\/","title":{"rendered":"Paulo Alexandre Silva, CTT"},"content":{"rendered":"\n<p>Diretor de Estrat\u00e9gia e Desenvolvimento das Opera\u00e7\u00f5es, CTT<\/p>\n","protected":false},"excerpt":{"rendered":"<p>Diretor de Estrat\u00e9gia e Desenvolvimento das Opera\u00e7\u00f5es, CTT<\/p>\n","protected":false},"featured_media":114084,"template":"","meta":{"_seopress_robots_primary_cat":"","_seopress_titles_title":"","_seopress_titles_desc":"","_seopress_robots_index":"","_company_name":"","_job_title":"","_visit_me":"","_email":"","_linkedin":"","_twitter":"","_facebook":"","_instagram":"","_youtube":"","_imdb":"","footnotes":""},"edition":[1421],"guest_type":[1422],"work":[],"class_list":["post-114081","guest","type-guest","status-publish","has-post-thumbnail","hentry","edition-congresso-2024","guest_type-sala-empack-e-logistics-automation"],"_cover_image":null,"_links":{"self":[{"href":"https:\/\/www.empacklogisticsautomationporto.com\/pt-pt\/wp-json\/wp\/v2\/guest\/114081","targetHints":{"allow":["GET"]}}],"collection":[{"href":"https:\/\/www.empacklogisticsautomationporto.com\/pt-pt\/wp-json\/wp\/v2\/guest"}],"about":[{"href":"https:\/\/www.empacklogisticsautomationporto.com\/pt-pt\/wp-json\/wp\/v2\/types\/guest"}],"version-history":[{"count":1,"href":"https:\/\/www.empacklogisticsautomationporto.com\/pt-pt\/wp-json\/wp\/v2\/guest\/114081\/revisions"}],"predecessor-version":[{"id":114087,"href":"https:\/\/www.empacklogisticsautomationporto.com\/pt-pt\/wp-json\/wp\/v2\/guest\/114081\/revisions\/114087"}],"wp:featuredmedia":[{"embeddable":true,"href":"https:\/\/www.empacklogisticsautomationporto.com\/pt-pt\/wp-json\/wp\/v2\/media\/114084"}],"wp:attachment":[{"href":"https:\/\/www.empacklogisticsautomationporto.com\/pt-pt\/wp-json\/wp\/v2\/media?parent=114081"}],"wp:term":[{"taxonomy":"edition","embeddable":true,"href":"https:\/\/www.empacklogisticsautomationporto.com\/pt-pt\/wp-json\/wp\/v2\/edition?post=114081"},{"taxonomy":"guest_type","embeddable":true,"href":"https:\/\/www.empacklogisticsautomationporto.com\/pt-pt\/wp-json\/wp\/v2\/guest_type?post=114081"},{"taxonomy":"work","embeddable":true,"href":"https:\/\/www.empacklogisticsautomationporto.com\/pt-pt\/wp-json\/wp\/v2\/work?post=114081"}],"curies":[{"name":"wp","href":"https:\/\/api.w.org\/{rel}","templated":true}]}}

<p>Diretor de Estratégia e Desenvolvimento das Operações, CTT</p>
