{"id":115596,"date":"2024-04-16T09:35:41","date_gmt":"2024-04-16T08:35:41","guid":{"rendered":"https:\/\/www.empacklogisticsautomationporto.com\/?post_type=guest&#038;p=115596"},"modified":"2024-04-16T10:03:57","modified_gmt":"2024-04-16T09:03:57","slug":"luisa-magalhaes-associacao-smart-waste-portugalluisa-magalhaes","status":"publish","type":"guest","link":"https:\/\/www.empacklogisticsautomationporto.com\/pt-pt\/speaker\/luisa-magalhaes-associacao-smart-waste-portugalluisa-magalhaes\/","title":{"rendered":"Lu\u00edsa Magalh\u00e3es, Associa\u00e7\u00e3o Smart Waste Portugal"},"content":{"rendered":"\n<p>Diretora Executiva, Associa\u00e7\u00e3o Smart Waste Portugal<\/p>\n","protected":false},"excerpt":{"rendered":"<p>Diretora Executiva, Associa\u00e7\u00e3o Smart Waste Portugal<\/p>\n","protected":false},"featured_media":115602,"template":"","meta":{"_seopress_robots_primary_cat":"","_seopress_titles_title":"","_seopress_titles_desc":"","_seopress_robots_index":"","_company_name":"","_job_title":"","_visit_me":"","_email":"","_linkedin":"","_twitter":"","_facebook":"","_instagram":"","_youtube":"","_imdb":"","footnotes":""},"edition":[1421],"guest_type":[1422],"work":[],"class_list":["post-115596","guest","type-guest","status-publish","has-post-thumbnail","hentry","edition-congresso-2024","guest_type-sala-empack-e-logistics-automation"],"_cover_image":null,"_links":{"self":[{"href":"https:\/\/www.empacklogisticsautomationporto.com\/pt-pt\/wp-json\/wp\/v2\/guest\/115596","targetHints":{"allow":["GET"]}}],"collection":[{"href":"https:\/\/www.empacklogisticsautomationporto.com\/pt-pt\/wp-json\/wp\/v2\/guest"}],"about":[{"href":"https:\/\/www.empacklogisticsautomationporto.com\/pt-pt\/wp-json\/wp\/v2\/types\/guest"}],"version-history":[{"count":2,"href":"https:\/\/www.empacklogisticsautomationporto.com\/pt-pt\/wp-json\/wp\/v2\/guest\/115596\/revisions"}],"predecessor-version":[{"id":115614,"href":"https:\/\/www.empacklogisticsautomationporto.com\/pt-pt\/wp-json\/wp\/v2\/guest\/115596\/revisions\/115614"}],"wp:featuredmedia":[{"embeddable":true,"href":"https:\/\/www.empacklogisticsautomationporto.com\/pt-pt\/wp-json\/wp\/v2\/media\/115602"}],"wp:attachment":[{"href":"https:\/\/www.empacklogisticsautomationporto.com\/pt-pt\/wp-json\/wp\/v2\/media?parent=115596"}],"wp:term":[{"taxonomy":"edition","embeddable":true,"href":"https:\/\/www.empacklogisticsautomationporto.com\/pt-pt\/wp-json\/wp\/v2\/edition?post=115596"},{"taxonomy":"guest_type","embeddable":true,"href":"https:\/\/www.empacklogisticsautomationporto.com\/pt-pt\/wp-json\/wp\/v2\/guest_type?post=115596"},{"taxonomy":"work","embeddable":true,"href":"https:\/\/www.empacklogisticsautomationporto.com\/pt-pt\/wp-json\/wp\/v2\/work?post=115596"}],"curies":[{"name":"wp","href":"https:\/\/api.w.org\/{rel}","templated":true}]}}

Luísa Magalhães, Associação Smart Waste Portugal

<p>Diretora Executiva, Associação Smart Waste Portugal</p>
